2 - 9*h - 17. What is the thousands digit of p(8)?
3
Suppose 2532 = -32*j + 64612. What is the tens digit of j?
4
Let b = -703 - -2135. What is the units digit of b?
2
Suppose -4*i + 12 = 0, 0 = z - 0*i + 2*i - 13. Suppose 2*k = -z + 27. What is the units digit of (-5)/(-1)*k + 1?
1
Suppose -2*w = z - 7, 0 = z - 5*w + 4*w - 1. What is the tens digit of (-663)/(-34)*4/z?
2
Let k = 29 - 18. Suppose -g + k = -y - 156, -g + 4*y = -173. What is the units digit of g?
5
Let h be 0 + (2 - 2) - -2. Let k(c) = 3*c - 24. Let b be k(7). What is the units digit of (b/(-3))/h*34?
7
Suppose 4*u = -0*u + 12. Suppose -4*k + u + 5 = 0. Let f = k - -7. What is the units digit of f?
9
Let x(b) = -b**2 - 7*b + 15. Let c be x(5). What is the units digit of (-264)/(-9)*c/(-10)?
2
Let v(b) be the third derivative of -b**7/5040 + 3*b**6/80 + 7*b**5/60 + 6*b**2. Let m(g) be the third derivative of v(g). What is the units digit of m(0)?
7
Suppose 2*y + 19 = -o - 2*o, 13 = 4*o - 5*y. What is the tens digit of 50*(o/(-6) + 0)?
2
Let h(l) = 14*l + 19. Let g(y) = -5*y - 6. Let z(m) = -11*g(m) - 4*h(m). Let j be z(-14). Suppose v - 55 = -j*v. What is the tens digit of v?
1
Let s = -145 - -111. Let y = s + 160. What is the hundreds digit of y?
1
Let d = -86 - -17. Let p = d + 109. What is the units digit of p?
0
Let y(m) = 2*m - 3 + 49*m**2 - 17*m**2 + 4 - 3. What is the units digit of y(1)?
2
Let p(j) = j**3 - 10*j**2 - 15*j + 15. Suppose s - 21 = -2*h, -5*s + 39 = 4*h - 0*s. Let q be p(h). Let l = 25 - q. What is the tens digit of l?
5
Let f = -17 + 27. Suppose -4*c + 2*i + 76 = 6*i, 0 = c + 5*i - 31. Suppose 2*x = -0*x - f, -2*p = 4*x - c. What is the units digit of p?
8
What is the tens digit of -9 + 49/6 + 40786/12?
9
Suppose 46788 = 241*s - 227*s. What is the hundreds digit of s?
3
Suppose -5*x = -2016 + 81. Suppose -x = -4*z - 5*z. What is the tens digit of z?
4
Let h(d) = d + 15. Suppose 3 - 15 = t. Let j be h(t). Suppose -x - 4 = -j*x. What is the units digit of x?
2
Let q be 10*(28/(-10) + 3). Suppose -248 = -5*r + 3*u, -q*u - 200 = -2*r - 2*r. Suppose -2*n + 3*n = 5*b - 308, b - r = -3*n. What is the tens digit of b?
6
Let r = 170 - -226. What is the units digit of r?
6
Let v = -6 - -2. Let i be v/(-6) - 28/(-3). What is the tens digit of 4/i + (-565)/(-25)?
2
Let g = 44 - 38. What is the units digit of (-742)/(-21) + 10/g?
7
Suppose 45*u + 302 = 46*u. Suppose -8 = -4*r, d - 4*d + 5*r + u = 0. What is the units digit of d?
4
Let g = 20 - 20. Suppose 3*v = -g*v + 288. What is the units digit of v?
6
Let s be ((-6)/(-10))/(6/30). Suppose s = v - 1. What is the units digit of v?
4
Let u(r) = -226*r + 143. What is the units digit of u(-7)?
5
Let t(d) be the first derivative of d**2/2 + d - 2. Let g be t(8). Suppose a = 0, g = f + 3*a - 8. What is the tens digit of f?
1
Let i(k) = k - 5. Let y be i(11). Let c = 85 - y. What is the units digit of c?
9
Suppose 113 = 4*x - d, d = -4*x + 5*d + 116. Let u be 32*-1*x/(-16). What is the units digit of (-1)/(-4) + 2170/u?
9
Suppose 0 = 3*k + k - 12. Let h be (k/12)/(3/24). What is the units digit of (h + 28/(-12))*-12?
4
Let p = 2 - -2. Suppose 67 = 2*f + z, -p*f + 2*z = 5*z - 133. What is the units digit of f?
4
Let g be 8/20 - (-192)/20. Suppose g*u + 16 = 11*u. What is the tens digit of u + (-3)/6*2?
1
Let r = 8 + -3. Suppose -3*a + r = -1. What is the units digit of a?
2
Suppose -5*s - z = -3522, 3*s + 5*z - 638 - 1462 = 0. What is the hundreds digit of s?
7
Suppose 0 = -4*j + 3*c + c + 24, -5*j = c - 30. Let q(m) = m**2 - 6*m + 6. Let s be q(j). What is the units digit of (-4)/s + 17/3?
5
Suppose 6*c - 139 = 689. Suppose 0 = -3*r - 2*r - x + 329, 0 = 2*r + 2*x - c. What is the units digit of r?
5
Suppose j = -v - 3*j - 27, -2*v = 3*j + 29. Let u be (-1)/(2/6) - v. What is the units digit of (-51)/(-9) + u/(-6)?
5
Let r(l) = l**2 + l - 4. Let v = 24 + -4. Suppose 4*n - 3*k + v = 0, -3*n + n + 3*k - 10 = 0. What is the tens digit of r(n)?
1
Let n(u) be the first derivative of -7/2*u**2 + 1 + 2*u**3 + 7*u + 1/4*u**4. What is the units digit of n(-7)?
7
Let c be 0 - (1422/(-27) - 6/(-9)). Let a = -61 + 31. Let o = a + c. What is the units digit of o?
2
Let m be (-3 + 1)/6*-3. What is the tens digit of (-2)/(m + (-60)/52)?
1
Suppose -v + 10 = 4*v - 2*a, 0 = -2*v - 4*a + 4. Suppose 7*b = v*b. Suppose b*g = -3*g + s + 29, g - 4*s = 6. What is the tens digit of g?
1
Let x(y) = y**2 - 10*y + 1. Let i be x(10). What is the tens digit of 12*i*8/6?
1
Let u(j) = -j**3 - 10*j**2 - j - 5. Suppose -5*m + 7*m = 4*z - 82, -z = 2*m - 8. Suppose -z = 4*y + s + 18, s - 4 = 0. What is the units digit of u(y)?
5
Let j(d) = d**2 + 13*d + 4. Let k be j(-11). Let y be 34/12 + (-3)/k. Suppose -44 = -4*h + y*c, 4*h - 60 = 3*c - 4*c. What is the units digit of h?
4
Let n = 68 + -66. Suppose 8*q - 3*q + 5*s = 785, n*q = -s + 317. What is the units digit of q?
0
Suppose -2*q - 8 = 5*s + 36, -q = -2*s + 4. Let h = -36 + 54. Let k = h + q. What is the units digit of k?
6
Suppose -3*o = -7*o. Let p be (o - -1)/(7/(-35)). What is the units digit of -3 - -25*(-4 - p)?
2
Let s = 51 - 43. Suppose a + s - 30 = 0. What is the units digit of a?
2
Let v be (-3)/(-9 - -3)*76. Suppose 3*h - v = 118. Let r = h + -32. What is the units digit of r?
0
Let m(z) = 6*z - 8. Let l(d) = -6*d + 7. Let w(a) = -4*l(a) - 3*m(a). What is the tens digit of w(9)?
5
Suppose 2*v + 10 = 0, -37*g = -41*g - 3*v + 7837. What is the hundreds digit of g?
9
Suppose 0*l + 91 = -13*l. Let i(k) = k**3 + 11*k**2 - 2*k + 4. What is the hundreds digit of i(l)?
2
Let w(h) = -329*h - 10. What is the units digit of w(-2)?
8
Let o be (-2052)/(-270)*(-5)/2*-4. Suppose -3*d + 219 = 3*x, x + 2*d = 4*d + o. What is the tens digit of x?
7
Let j be 4/24 + 118/12. Let v = -22 + 34. Suppose 0 = -w + j + v. What is the units digit of w?
2
Suppose 2*h = 5*s - 1620 + 412, -2*s + 479 = -5*h. What is the units digit of s?
2
Let q(r) = -258*r**3 - 5*r**2 + 2*r + 2. Let d(u) = 86*u**3 + 2*u**2 - u - 1. Let x(p) = 8*d(p) + 3*q(p). What is the tens digit of x(-1)?
8
Let o(y) = 944*y**2 + 11*y - 2. What is the units digit of o(-1)?
1
Let b(n) = 9*n**2 - 6*n**2 - 10*n - 4*n**2 + 3. Let d be b(-10). What is the units digit of d/1 - (-19 - -1)?
1
Suppose 2*u = -2*u - 40. Let o be 6/u*(-1 + -144). Suppose -9 = -4*i + o. What is the units digit of i?
4
Let h(z) be the first derivative of z**3/3 - 9*z**2/2 + 10*z - 2. Let i be h(8). Suppose 2*x = -4*q + 70, 112 = x + i*x - q. What is the tens digit of x?
3
Let j(m) = -m**3 + 10*m**2 + 7*m - 48. What is the tens digit of j(9)?
9
Let o(d) = -d + 2*d - 3*d + 1. Let u be o(-6). Let n(y) = y**3 - 12*y**2 - 12*y - 10. What is the units digit of n(u)?
3
Let b(a) = 29*a + 1503. What is the tens digit of b(0)?
0
Let n = 52 + -123. Let u = n + 32. Let z = u - -59. What is the tens digit of z?
2
Suppose 5*h = -4*i + 9334, 30*h - 5*i = 28*h + 3727. What is the tens digit of h?
6
Let o be (1 - 0) + -27 - 13/13. Let c = 97 + o. What is the tens digit of c?
7
Let g be (-31)/3 + (-7)/(-21). Let u be (4/2)/((-4)/g). Let j = u - -16. What is the tens digit of j?
2
Let k(u) = u**2 - 26*u + 57. Let a be k(23). What is the units digit of 3*((-688)/a - 2)?
6
Let x be (4 - 20/(-8))/((-2)/(-60)). Let o = x - 126. What is the tens digit of o?
6
Suppose -2*w + 0*w + 3*d + 13 = 0, -2*w + 2*d = -10. Suppose w*v = -3*a + 37, 0 = -v - 6*a + a + 15. What is the tens digit of v?
2
Let f(p) = -p + 4. Let w be f(4). Let i = -2 + w. What is the units digit of (-1)/(i/(-12))*-2?
2
Suppose -105773 = 269*v - 288*v. What is the units digit of v?
7
Let n = 2896 - 1755. What is the thousands digit of n?
1
Suppose -6*b = -11*b - 3*y + 2034, 2*y + 412 = b. What is the units digit of b?
8
Suppose n = 5*w - 1, 5*n - 2*w + w = 19. Let v = n - 16. What is the units digit of v/(-3) + -8 - -59?
5
What is the units digit of (-253)/308*-7*76?
7
Let z(i) = 5*i**2 - 27*i + 129. What is the thousands digit of z(17)?
1
What is the tens digit of 8*4/(-16) - -1470?
6
Let l(h) = -h**3 - 16*h**2 - 20*h + 27*h - 24*h. What is the tens digit of l(-15)?
3
Suppose -4*b + 1378 = 170. What is the units digit of b?
2
Suppose 4*k - 7 - 8 = d, -9 = -3*k. What is the tens digit of 518/5 + 4 - d/(-5)?
0
Suppose 26049 = 25*a - 87226. What